2
Let t(h) be the third derivative of h**5/10 - 5*h**4/24 - 2*h**3/3 - 1488*h**2. Give t(-1).
7
Suppose 0 = x + 8*x - 7*x + y + 44, 0 = 2*y. Let f(u) = u**3 + 21*u**2 - 21*u + 28. What is f(x)?
6
Let s(f) = 6*f - 39. Let q be s(7). Let w be (-6)/(-8) + 1 + q/(-4). Let v(k) = 3*k**2 - 2*k**2 + 1 - w + 3 + 3*k. Calculate v(-3).
3
Let u(y) = -2*y**2 + y - 1. Let h(b) = 7*b**2 + 5*b + 5. Suppose -2*w + 10 = 0, v + 2*w + w - 12 = 0. Let d(a) = v*u(a) - h(a). Determine d(-7).
5
Suppose -48*b - 28442 = -28538. Let g(x) = -8*x**3 + 2*x**2 - x + 3. What is g(b)?
-55
Let j(a) = a**3 - 16*a**2 - 35*a - 18. Let c be j(18). Suppose 10 = -10*v - c. Let f(p) = 7*p**3 + p**2 + p. Give f(v).
-7
Let w be ((-57)/(-19))/((-3)/(-3)). Let b(m) = -4*m + w + 2 - 2 + 3*m. Give b(-3).
6
Suppose 18*d - 2*a - 7 = 19*d, 3*a = 3*d - 6. Let t(o) = 51*o**3. What is t(d)?
-51
Suppose -17*o = 121*o - 1518. Let x(s) = -5*s**3 + 8*s**2 - 11*s. Let k(w) = 6*w**3 - 7*w**2 + 11*w - 1. Let c(f) = -4*k(f) - 5*x(f). What is c(o)?
4
Let l be (1*-1)/(16/(-80)). Let c(g) = -l + 4*g - 2 - 23*g + 14*g. What is c(5)?
-32
Suppose 0 = 20*w - 29*w + 1008. Suppose -32*z = -16*z - w. Let j(t) = -12*t + 5 + 1 + 11*t. What is j(z)?
-1
Let n be (-5)/(-1)*26/13 - 7/1. Suppose -m + 0*m = 0. Let s(z) = m + 2 + 3*z - n. Determine s(-1).
-4
Let j(c) be the second derivative of 2*c**4/3 - c**2 + c. Let t be ((-1518)/(-2783))/(-1*6/(-22)). Calculate j(t).
30
Let k(s) = -7*s**2 + 1. Suppose 0*b + 4*b - 8 = 0. Suppose -2*t - 14 = 2*p, -b*p + 0*p = -t + 11. Let u be (3 + p - -2) + 0. Determine k(u).
-6
Suppose -2*k + 3 + 1 = 0. Let c(t) = -4*t + t**k - 4 - t + 2*t**2 + t**3. Let u(o) = -o**3 + 10*o**2 + 89*o - 465. Let y be u(14). Determine c(y).
11
Let y(a) = -33 + 8*a - 31 + 11*a + 4*a. Let l be y(3). Let c(d) = -d**2 + 4. Let w(z) = z**2 - z - 4. Let o(j) = 2*c(j) + 3*w(j). Determine o(l).
6
Let t(f) = -5*f**3 + 37*f**2 - 3*f + 21. Let y(w) = -w**3 + 6*w**2 + 2*w + 1. Let l(o) = -t(o) + 4*y(o). Determine l(12).
-29
Let f(z) be the first derivative of -z**3/3 + z**2/2 + 4*z + 49. Let y = 0 - -3. Suppose s = -4*i - i - 21, -s + y*i + 19 = 0. Give f(s).
-8
Let g(d) = -9*d + 2. Let j be (-1)/6 - 1225/1470. Give g(j).
11
Let c(v) be the second derivative of -v**4/6 + 16*v**3/3 - 3*v**2/2 + 2*v + 390. Give c(16).
-3
Let p(z) = -2*z**2 - 19*z - 5. Let x be p(-4). Suppose -16 = 4*f + 5*i, -17 = -2*f + i - x. Let s(o) be the first derivative of -o**2/2 + o - 1. Calculate s(f).
10
Let j = -1185 - -1194. Suppose 0 = 5*s - 3*r - 0 - 16, 0 = -3*s - 2*r + 2. Let y(g) = -s + g**2 + 6 + 9 - 10*g. Calculate y(j).
4
Let u(a) = -11 - 29 + 1529*a - 1533*a. What is u(-6)?
-16
Let s be (-656)/(-246)*((-24)/2)/(-2). Suppose d = 2*g + 2, -2*d + 6*d - 2*g + s = 0. Let v(b) = -b - 1. Calculate v(d).
5
Let i(m) = m**2 + 245*m + 2348. Let v be i(-10). Let x(w) = 13*w + 17. Calculate x(v).
-9
Let f(j) = 3*j**2 - 2*j + 1. Let n(m) = 5*m**2 - 11*m + 4. Let l(d) = 4*f(d) - 2*n(d). Determine l(-8).
12
Let c(u) = 8*u + 1. Let w(k) = 17*k - 10. Let l(f) = -5*f + 4. Let o(i) = 8*l(i) + 3*w(i). Let m(j) = 4*c(j) - 3*o(j). Give m(-5).
3
Let a(i) = 6 + 34*i**3 - 417*i - 33*i**3 + 11*i**2 + 423*i. Let m(p) = p**2 + 1. Let g(u) = -u + 4. Let k be g(3). Let z(r) = k*a(r) - 5*m(r). Calculate z(-5).
-4
Let c(q) = q**2 + 5*q - 38. Let y be (-8)/(-13 + 5 + 9). Calculate c(y).
-14
Suppose 5*h + 5*t - 39 = -59, -3*t - 17 = 4*h. Let j(q) be the third derivative of -q**6/120 - q**5/10 - 5*q**4/24 + q**3/2 - 6*q**2. Give j(h).
3
Let o(s) = -s**2 + s - 1. Let m = 59 + -42. Suppose -m = -2*p + 23. Suppose 3*l - 5*h = 19 + 6, 4*h = -5*l - p. What is o(l)?
-1
Suppose 8 = 913*z - 915*z. Let g(d) = -3*d**2 + d + 3. Let o(m) = -7*m**2 + 3*m + 6. Let r(k) = 5*g(k) - 2*o(k). What is r(z)?
-9
Let x(p) = p**3 - 4*p**2 - 2*p + 51. Let l(h) = -3*h**2 - h + 52. Let u(g) = 3*l(g) - 2*x(g). Let s(t) be the first derivative of u(t). Calculate s(2).
-27
Let k(r) = 4*r**3 + 104*r**2 - 41*r + 90. Let w(t) = t**2 - 3*t + 23. Let o(v) = k(v) - 5*w(v). What is o(-25)?
0
Let l(k) = k**3 + 5*k**2 - 11*k - 40. Let p = 22022 - 22026. Determine l(p).
20
Let b(j) = j**3 + 6*j**2 - 3*j - 31. Let g = -674 - -668. What is b(g)?
-13
Let m(s) be the third derivative of -7/120*s**5 + 0*s + 0 + 0*s**4 - 7/6*s**3 + 11*s**2. Let w(f) be the first derivative of m(f). Determine w(-3).
21
Suppose 23*u + 432 = 11*u. Let q be 84/108 + (-8)/u. Let l(v) be the third derivative of v**5/60 - v**4/12 + v**3/6 + v**2. What is l(q)?
0
Let a(f) = 13*f**2 + 10*f - 4. Let n(p) = p**3 + 11*p**2 - 6. Let o be n(-11). Let w(i) = -15*i**2 - 11*i + 5. Let u(k) = o*w(k) - 7*a(k). Calculate u(-4).
-2
Suppose -5*h = 3*g + 2*g - 285, -g + 109 = 2*h. Suppose 48*p = h*p - 10316. Let a(i) = -19*i**3 - p*i**2 + 3*i**3 + 2580*i**2. Determine a(-1).
17
Let y(g) = 5*g**2 + 3*g + 0 - 8 + 9. Suppose -20 = -q - 15. Suppose 0 = 5*b + f + 13, 13 = -7*b + q*b - 3*f. Give y(b).
15
Let o(j) = 52*j + 184. Let y(c) = -39*c - 142. Let w(h) = -10*o(h) - 13*y(h). Give w(1).
-7
Let i(o) = -6*o**3 - 31*o**2 - 14*o - 14. Let t(s) = -s**3 - 6*s**2 - 3*s - 3. Let q(h) = -2*i(h) + 11*t(h). Suppose 30*j - 47*j + 85 = 0. Determine q(j).
-5
Let v be (-1)/4 + (14/(-8))/(-7). Suppose v = -0*f + 2*f + 28. Let g = f - -16. Let d(z) = 3*z**2 - 2*z + 1. Give d(g).
9
Let a(u) = -u**3 + u**2 + 3*u + 1. Let g = -243 + 254. Suppose -g*j + 0 = -33. What is a(j)?
-8
Let x(p) = -12*p**2 + 8. Let n(f) = f**3 - 16*f**2 + 107*f - 473. Let k be n(10). What is x(k)?
-100
Let o be (-1112)/(-1946) + 67/(-7) + 0. Let m(n) = 2*n - 8. Calculate m(o).
-26
Suppose 18*p - 6*p - 24 = 0. Suppose 2*f - 2 = m + 2*m, -4*f - p*m + 36 = 0. Let b(r) = r**3 - 8*r**2 + 6*r. Determine b(f).
-7
Let y be (-8 - -2)/((648/16)/(-27)). Let m(u) be the first derivative of 1/4*u**y - 2/3*u**3 - 2*u**2 - 2 + 3*u. What is m(3)?
0
Let d(u) = 22*u + 9. Let t(o) = -47*o - 21. Let n(m) = 5*d(m) + 2*t(m). Calculate n(4).
67
Let p be 15 - (114/(-342) + (-20)/(-6)). Let x(u) = u**2 - 7*u - 13. Calculate x(p).
47
Suppose 2*r - d - 16 = -4*d, 4*d = -5*r + 26. Suppose -r*l - 11 = -2*x + 1, -4*x = 2*l - 6. Let i(k) = 33*k - 2*k**2 + k**2 - 35*k + x + 1. Determine i(3).
-11
Let m(b) = -14*b**2 + 2*b + 2. Let u be ((-3)/2)/(10/(-105) + 175/294). Calculate m(u).
-130
Let v = 39 + -37. Suppose -2*m + v = 2*f, -f - 2*m + 3 = -3. Let g(u) = -u**3 + 2*u - 8*u - 4*u**2 + 2*u. Give g(f).
16
Let t(y) be the first derivative of -y**3/3 - 3*y**2 - y - 6789. Suppose -v + 4*o + 9 = 0, 12 = 4*v + 3*o + 52. Let f = -12 - v. Determine t(f).
4
Suppose -3*f + 20 = -3*i + 95, 0 = -3*i + 4*f + 80. Let b(y) = -10*y**2 - 5*y**2 - 12*y**2 + i*y**2 - 1 - 3*y**2. Calculate b(-1).
-11
Let s(j) be the second derivative of -5*j**3/6 - 2*j**2 - 2*j. Let u = -21654 - -21647. Give s(u).
31
Let j be 48/(-10)*(11 + -16). Let u(k) = -42 + j + 5*k**2 + 18 - 3*k. Determine u(2).
14
Let i(j) = -1532 + j**3 + 3159 + 18*j**2 - 1606. Determine i(-18).
21
Let f be 4/(-10) - 994/(-10). Let a(u) = 4*u + f - 2*u - 99. Suppose -2*b + 7 = -1. Calculate a(b).
8
Suppose -3*d - 3*s - 12 = 0, 2*s - 6 = 2*d - 14. Suppose 4*t + 34 = 3*b, 4*t + b + b + 24 = d. Let y(z) = -2*z - 5. Give y(t).
9
Let b(a) = a**3 + 11*a**2 - 6*a - 66. Let k = -4045 - -4034. Determine b(k).
0
Let j(q) = -q**3 + 12*q**2 + 17*q - 81. Let t(n) = -n**3 + 11*n**2 + 15*n - 67. Let g(h) = -4*j(h) + 5*t(h). Give g(6).
67
Let y(h) = 24*h + 92 - 21 + 36 + 31. Determine y(-6).
-6
Let p be ((-1)/4)/((-9)/1836*-17). Let g(m) be the second derivative of 1/12*m**4 + 2*m**2 + 0 - 5*m + 1/2*m**3. Determine g(p).
4
Let q be ((-1)/4)/((-2)/3*3). Let r(d) be the third derivative of -1/60*d**5 - q*d**4 + 0*d - d**2 - 1/3*d**3 + 0. Determine r(-4).
-6
Let a be 8/(-2) - (-14)/2. Suppose -4*x = 4*b - 56, 2*x = -b - a*x + 30. Let c(k) = 0*k**2 - 12*k + k**2 + 14 + 0*k**2. Determine c(b).
-6
Let u = 29752 + -29754. Let v(w) = -29*w - 54. Determine v(u).
4
Let g = 19258 + -19248. Let v(j) = -j**3 + 10*j**2 + 11*j - 3. Determine v(g).
107
Let y(s) = -2*s - 15. Suppose 30 = 5*k + 5*c, -17*k + 2*c = -18*k + 6. What is y(k)?
-27
Let z(l) = l + 20. Suppose -2 = -3*x + 4*x, -3*x - 22 = d. Give z(d).
4
Let o(j) = 305*j - 1211. Let d be o(4). Let p(n) = n - 13. Give p(d).
-4
Suppose -9*d = -6*d + 114. Let